6311160
40444211 (base 5) to base 2
1010000000101111000
5524202 (base 7) to base 5
133203204
16937 (base 11) to base 4
11303030
What is 2554413 (base 6) in base 8?
420651
Convert 3203322201 (base 4) to base 15.
13690c
217ba7 (base 16) to base 12
899a5b
9502a (base 12) to base 15
3cced
Convert -1011110111110010110 (base 2) to base 14.
-a1aaa
What is 8291a (base 16) in base 9?
1004553
Convert -203012230033 (base 4) to base 5.
-4323434242
Convert -23312231 (base 4) to base 11.
-33533
Convert -2d5715 (base 14) to base 9.
-2883262
370164 (base 9) to base 13
7a7a3
Convert 10122110220222 (base 3) to base 5.
444011411
Convert 574270 (base 14) to base 10.
2969498
Convert 120114 (base 7) to base 10.
21669
What is -5267 (base 12) in base 16?
-232f
What is -10310131111 (base 4) in base 12?
-50b1b1
-2102002202122 (base 3) to base 9
-2362678
2557144 (base 8) to base 12
2a4258
What is 145455 (base 7) in base 6?
335150
What is 11261 (base 15) in base 11?
37a83
What is 2784b (base 13) in base 11?
50597
What is -48c2 (base 15) in base 4?
-3301322
110488 (base 10) to base 13
3b3a1
Convert -2366602 (base 9) to base 16.
-1398a1
1201101000 (base 3) to base 12
17690
What is 41522 (base 8) in base 11?
11a48
What is 7371 (base 16) in base 2?
111001101110001
What is -2362f (base 16) in base 11?
-99997
What is 111100011011001001 (base 2) in base 13?
88863
-14555503 (base 6) to base 10
-513183
What is 1230121 (base 4) in base 12?
4021
Convert -233342 (base 6) to base 9.
-30658
What is 35274 (base 13) in base 4?
113231031
-d5babd (base 15) to base 7
-152253160
What is -2787d (base 15) in base 4?
-132331021
Convert -21352353 (base 7) to base 12.
-741a80
What is 1577ab (base 14) in base 6?
24031055
Convert 2011302404 (base 5) to base 15.
543104
Convert 6421341 (base 7) to base 16.
be0cb
What is 654e (base 15) in base 13?
99bc
Convert -80911 (base 11) to base 4.
-130313111
1614766 (base 15) to base 12
5442713
Convert -122082 (base 9) to base 16.
-11fe7
Convert 5e37 (base 15) to base 3.
1000112121
Convert 3142055 (base 6) to base 9.
253368
What is 20202200 (base 3) in base 12?
2a30
What is -17d94c (base 14) in base 5?
-204003430
What is -144817 (base 11) in base 2?
-110111001010000101
-1155635 (base 8) to base 14
-84045
-213121230302 (base 4) to base 16
-9d9b32
-1010481 (base 9) to base 5
-114212044
What is 1143011431 (base 5) in base 7?
31661233
What is 12035354 (base 6) in base 7?
3134041
What is -307787 (base 16) in base 11?
-187a470
Convert -15b5895 (base 12) to base 13.
-c05996
What is -34461431 (base 7) in base 12?
-10197b8
Convert 4537403 (base 8) to base 2.
100101011111100000011
What is -198a4 (base 16) in base 9?
-168445
45353 (base 9) to base 16
75e4
8b9e3 (base 16) to base 15
b46a0
Convert 46545 (base 8) to base 13.
9031
3203111232 (base 5) to base 6
355230522
What is 2113332222 (base 4) in base 11?
395775
Convert -13033352 (base 6) to base 15.
-85c05
4463664 (base 8) to base 14
23580c
-643641 (base 8) to base 14
-58493
Convert 14303303 (base 6) to base 4.
1313302113
3014034301 (base 5) to base 7
102006600
What is 10110000100001001001111 (base 2) in base 10?
5784143
-663a76 (base 12) to base 8
-6144072
-127fb (base 16) to base 13
-28647
Convert 10133753 (base 8) to base 12.
874a63
What is 158843 (base 16) in base 3?
2122200201102
Convert -1aeaa (base 15) to base 9.
-143247
Convert 1011101101010100011110 (base 2) to base 6.
145441154
What is -11011110110111011110100 (base 2) in base 10?
-7302900
What is -7bc1 (base 14) in base 8?
-52035
Convert 5025646 (base 7) to base 4.
2101102102
What is -717268 (base 12) in base 14?
-342c36
36393 (base 11) to base 5
3133444
Convert -1112102202220 (base 3) to base 2.
-11000111000111100010
Convert -13132233 (base 6) to base 9.
-727643
85979 (base 14) to base 6
10530555
What is 21010000 (base 3) in base 15?
1809
111101210221 (base 3) to base 11
170193
561772 (base 8) to base 3
100121212002
Convert -2a6085 (base 13) to base 15.
-1588c7
100530203 (base 7) to base 10
5856140
Convert 245023402 (base 6) to base 13.
c91529
10013311300 (base 4) to base 9
2026374
Convert 21a40b9 (base 13) to base 2.
100111010111011001100101
Convert -141504640 (base 7) to base 13.
-1bc3ba7
What is 410060 (base 8) in base 2?
100001000000110000
What is 101013440 (base 5) in base 12?
1778b6
12002112002 (base 4) to base 6
53530122
Convert -3bce5 (base 15) to base 7.
-1426343
What is 27069 (base 11) in base 15?
b6d4
2120233100 (base 4) to base 3
1011210011222
What is -1411002 (base 6) in base 13?
-2a110
What is 330748 (base 11) in base 8?
2007147
-8801327 (base 9) to base 11
-273799a
Convert 2c2994 (base 14) to base 5.
343402042
What is baed (base 15) in base 6?
503154
1aba28 (base 12) to base 15
96382
What is -332010 (base 6) in base 3?
-1101221020
-a421 (base 14) to base 9
-42672
What is 4635 (base 13) in base 2?
10011001110110
What is -1301525505 (base 6) in base 4?
-322000120301
What is 365708 (base 9) in base 7?
1606352
What is 5c3ac2 (base 13) in base 4?
20122332110
Convert -37828f (base 16) to base 8.
-15701217
-112111011202 (base 3) to base 5
-33111132
33121003231 (base 4) to base 12
1426b51
What is -33033131 (base 5) in base 2?
-1000101001110010101
Convert 15273647 (base 9) to base 13.
1764544
What is -521b90 (base 13) in base 7?
-22205065
Convert -162a24a (base 11) to base 2.
-1010100110111001010011
What is 2edc6 (base 15) in base 2?
100101000000111011
What is 2100223301 (base 4) in base 11?
375280
Convert -c62b4 (base 14) to base 12.
-1b075a
Convert -2133212230 (base 4) to base 2.
-10011111100110101100
Convert 5525203 (base 6) to base 9.
460423
What is -22494 (base 11) in base 9?
-48555
-101000010101010110111 (base 2) to base 9
-2433865
What is 1110417 (base 12) in base 3?
20010102121001
-11024304 (base 5) to base 12
-4738b
-2208715 (base 9) to base 14
-22ca1b
2e9ae (base 15) to base 11
a3240
Convert 20020354 (base 7) to base 6.
55224254
Convert 152022615 (base 7) to base 12.
34826a0
Convert -2dda3 (base 15) to base 13.
-525c3
What is -2052124 (base 8) in base 2?
-10000101010001010100
What is -110111000001110010010 (base 2) in base 10?
-1803154
What is -8a42c (base 15) in base 6?
-13231340
What is -1002221022112 (base 3) in base 10?
-589262
Convert -231033331 (base 4) to base 10.
-185341
Convert 636345 (base 9) to base 14.
9bdb5
-192a414 (base 12) to base 8
-24121720
What is 12314162 (base 8) in base 15?
38ca87
Convert 11012232231 (base 4) to base 8.
5065655
3123181 (base 9) to base 16
1976e3
25762236 (base 8) to base 9
11748405
2386431 (base 13) to base 7
162403533
-1011100010010011011111 (base 2) to base 8
-13422337
102111102210 (base 3) to base 11
145035
What is 2a3a82 (base 11) in base 13?
137877
What is -2111101121 (base 3) in base 10?
-49129
What is -110007 (base 9) in base 13?
-23b36
Convert -1072648 (base 9) to base 5.
-122014411
Convert 100002002102200 (base 3) to base 15.
654573
What is 378857 (base 15) in base 7?
31423063
Convert -430132510 (base 6) to base 14.
-1010d3c
What is -12211102101 (base 3) in base 5?
-12133020
Convert -11002102211 (base 3) to base 12.
-3a711
Convert -50310433 (base 6) to base 10.
-1424469
Convert -2c5b (base 15) to base 12.
-5628
12414 (base 8) to base 4
1110030
12041245 (base 7) to base 11
670105
What is 127455 (base 9) in base 16?
12f50
What is 347d72 (base 14) in base 10?
1788992
What is -4d7532 (base 14) in base 11?
-1564794
What is 32a39a4 (base 13) in base 4?
323030103011
Convert -2240012130 (base 5) to base 11.
-2906297
10684a1 (base 14) to base 15
a3b0a9
What is -4d8c8 (base 16) in base 15?
-641b0
What is -67d99c (base 16) in base 7?
-111564215
-608288 (base 9) to base 4
-1113332300
Convert 6479 (base 12) to base 5.
323122
Convert 5814 (base 13) to base 3.
121221120
-110000010110111101011 (base 2) to base 14
-2d36b1
Convert -47bb4 (base 13) to base 8.
-401055
Convert 447514 (base 9) to base 16.
416b9
-4038201 (base 9) to base 2
-1000001101010000010010
3ab50a (base 15) to base 4
22301013223
-770b (base 13) to base 10
-16573
What is -1032123200 (base 4) in base 14?
-85104
-203123130 (base 4) to base 14
-3ac56
1277156 (base 8) to base 15
71a31
-1a0d3 (base 16) to base 5
-11403312
What is -344353 (base 7) in base 13?
-22051
50235043 (base 6) to base 16
15abc3
What is -307436 (base 15) in base 11?
-1333065